{"id":304,"date":"2015-01-11T21:32:29","date_gmt":"2015-01-11T20:32:29","guid":{"rendered":"http:\/\/www.beach.perg.at\/content\/?page_id=304"},"modified":"2024-08-09T13:58:10","modified_gmt":"2024-08-09T11:58:10","slug":"turniermodus","status":"publish","type":"page","link":"https:\/\/www.beach.perg.at\/content\/teilnahme\/turniermodus\/","title":{"rendered":"Anmeldung"},"content":{"rendered":"<p align=\"justify\"><b>ALLE TEAMS M\u00dcSSEN AUSNAHMSLOS VOR IHREM 1.SPIEL ZUM SPIELEREMPFANG IN DIE MACHLAND BADEWELT KOMMEN UND DORT IHR AUTO PARKEN.<\/b><\/p>\n<p><strong>Anreise und Parken:\u00a0<\/strong>In der Machland Badewelt (B3 Abfahrt Perg Ost \u2013 Freizeitzentrum) stehen Parkpl\u00e4tze f\u00fcr alle zur Verf\u00fcgung und dort erhaltet ihr auch die Player Cards nach Registrierung und Bezahlung des Nenngeldes.<\/p>\n<p>Bewerbe:<\/p>\n<ul>\n<li><a href=\"https:\/\/www.beach.perg.at\/content\/?page_id=222\">ABV Pro Tour LMS O\u00d6 presented by Raiffeisen<\/a><\/li>\n<li><a href=\"https:\/\/www.beach.perg.at\/content\/?page_id=315\">Businesscup<\/a><\/li>\n<li><a href=\"https:\/\/www.beach.perg.at\/content\/?page_id=1257\">4er Hobbycup (Rasen &amp; Beach)<\/a><\/li>\n<\/ul>\n<p>Stand 28.7.2024<\/p>\n","protected":false},"excerpt":{"rendered":"<p>ALLE TEAMS M\u00dcSSEN AUSNAHMSLOS VOR IHREM 1.SPIEL ZUM SPIELEREMPFANG IN DIE MACHLAND BADEWELT KOMMEN UND DORT IHR AUTO PARKEN. Anreise und Parken:\u00a0In der Machland Badewelt (B3 Abfahrt Perg Ost \u2013 Freizeitzentrum) stehen Parkpl\u00e4tze f\u00fcr alle zur Verf\u00fcgung und dort erhaltet ihr auch die Player Cards nach Registrierung und Bezahlung des Nenngeldes. Bewerbe: ABV Pro Tour &hellip; <\/p>\n<p class=\"link-more\"><a href=\"https:\/\/www.beach.perg.at\/content\/teilnahme\/turniermodus\/\" class=\"more-link\"><span class=\"screen-reader-text\">\u201eAnmeldung\u201c <\/span>weiterlesen<\/a><\/p>\n","protected":false},"author":1,"featured_media":0,"parent":222,"menu_order":0,"comment_status":"open","ping_status":"closed","template":"","meta":{"footnotes":""},"class_list":["post-304","page","type-page","status-publish","hentry"],"_links":{"self":[{"href":"https:\/\/www.beach.perg.at\/content\/wp-json\/wp\/v2\/pages\/304","targetHints":{"allow":["GET"]}}],"collection":[{"href":"https:\/\/www.beach.perg.at\/content\/wp-json\/wp\/v2\/pages"}],"about":[{"href":"https:\/\/www.beach.perg.at\/content\/wp-json\/wp\/v2\/types\/page"}],"author":[{"embeddable":true,"href":"https:\/\/www.beach.perg.at\/content\/wp-json\/wp\/v2\/users\/1"}],"replies":[{"embeddable":true,"href":"https:\/\/www.beach.perg.at\/content\/wp-json\/wp\/v2\/comments?post=304"}],"version-history":[{"count":32,"href":"https:\/\/www.beach.perg.at\/content\/wp-json\/wp\/v2\/pages\/304\/revisions"}],"predecessor-version":[{"id":1831,"href":"https:\/\/www.beach.perg.at\/content\/wp-json\/wp\/v2\/pages\/304\/revisions\/1831"}],"up":[{"embeddable":true,"href":"https:\/\/www.beach.perg.at\/content\/wp-json\/wp\/v2\/pages\/222"}],"wp:attachment":[{"href":"https:\/\/www.beach.perg.at\/content\/wp-json\/wp\/v2\/media?parent=304"}],"curies":[{"name":"wp","href":"https:\/\/api.w.org\/{rel}","templated":true}]}}