{"id":315,"date":"2015-01-11T21:45:44","date_gmt":"2015-01-11T20:45:44","guid":{"rendered":"http:\/\/www.beach.perg.at\/content\/?page_id=315"},"modified":"2025-08-13T13:09:39","modified_gmt":"2025-08-13T11:09:39","slug":"business-cup","status":"publish","type":"page","link":"https:\/\/www.beach.perg.at\/content\/business-cup\/","title":{"rendered":"Business Cup"},"content":{"rendered":"\n<p>Im Rahmen des O\u00d6 BEACH FINALS der Allgemeinen Klasse Damen und Herren veranstalten wir 2025 am Tag vor dem Hauptbewerb seit einigen Jahren bereits immer den Business Cup. Dabei treten bis zu 16 Firmenteams im sportlichen Wettkampf auf den Beachcourts gegeneinander an. Der Veranstalter sorgt f\u00fcr beste Stimmung, Schiedsrichter, Turniereinteilung und nat\u00fcrlich auch f\u00fcr das leibliche Wohl aller Teilnehmer. Im Vordergrund steht der Spa\u00df und das gemeinsame Erlebnis. <\/p>\n\n\n\n<p><strong>Neu ab 2025<\/strong>: Pro Team darf max. 1 aktive\/r VereinsspielerIn (Hallenverein oder \u00d6VV Beach Tour) am Spielfeld stehen. Es gibt keine Einschr\u00e4nkung bez\u00fcglich Alter oder Geschlecht mehr.<\/p>\n\n\n\n<figure class=\"wp-block-image size-full\"><a href=\"https:\/\/www.beach.perg.at\/content\/wp-content\/uploads\/2024\/07\/Businesscup_Sieger2023.jpg\"><img loading=\"lazy\" decoding=\"async\" width=\"900\" height=\"870\" src=\"https:\/\/www.beach.perg.at\/content\/wp-content\/uploads\/2024\/07\/Businesscup_Sieger2023.jpg\" alt=\"\" class=\"wp-image-1798\" srcset=\"https:\/\/www.beach.perg.at\/content\/wp-content\/uploads\/2024\/07\/Businesscup_Sieger2023.jpg 900w, https:\/\/www.beach.perg.at\/content\/wp-content\/uploads\/2024\/07\/Businesscup_Sieger2023-300x290.jpg 300w, https:\/\/www.beach.perg.at\/content\/wp-content\/uploads\/2024\/07\/Businesscup_Sieger2023-768x742.jpg 768w\" sizes=\"auto, (max-width: 767px) 89vw, (max-width: 1000px) 54vw, (max-width: 1071px) 543px, 580px\" \/><\/a><figcaption class=\"wp-element-caption\">Siegerteam 2023: Dynatrace<\/figcaption><\/figure>\n\n\n\n<p>Die Teilnahmegeb\u00fchr pro Firmenteam betr\u00e4gt 450 EUR und inkludiert:<\/p>\n\n\n\n<ul class=\"wp-block-list\">\n<li>Teilnahme am Businesscup f\u00fcr ein Team unter dem Firmennamen<\/li>\n\n\n\n<li>Verpflegung f\u00fcr bis zu 6 Teilnehmer (Abendessen, Snacks, Getr\u00e4nke, Kaffee, Mehlspeisen, Obst, &#8230;) <\/li>\n\n\n\n<li>Freier Eintritt in die Machland Badewelt<\/li>\n\n\n\n<li>Siegertroph\u00e4e und Urkunde f\u00fcr jedes Team<\/li>\n\n\n\n<li>Zus\u00e4tzliche ErsatzspielerInnen k\u00f6nnen auf Wunsch das Team erweitern, um je 75 EUR pro SpielerIn<\/li>\n<\/ul>\n\n\n\n<p>Anmeldungen sind jederzeit unter <a href=\"mailto:johannes.dirnberger@gmx.at\" target=\"_blank\" rel=\"noreferrer noopener\">johannes.dirnberger@gmx.at<\/a> m\u00f6glich.<\/p>\n\n\n\n<h2 class=\"wp-block-heading\">Anmeldungen 2025<\/h2>\n\n\n\n<ol class=\"wp-block-list\">\n<li>Raiffeisen Perg<\/li>\n\n\n\n<li>HABAU GROUP 1<\/li>\n\n\n\n<li>HABAU GROUP 2<\/li>\n\n\n\n<li>Hueck Folien GmbH<\/li>\n\n\n\n<li>Praher Group<\/li>\n\n\n\n<li>COUNT IT TAX \u201esportlicher Erfolg\u201c<\/li>\n\n\n\n<li>COUNT IT TAX \u201ejust for fun\u201d<\/li>\n\n\n\n<li>Pfeiffer Hiebl GmbH<\/li>\n\n\n\n<li>RISC Software GmbH<\/li>\n\n\n\n<li>Coil Innovation GmbH<\/li>\n\n\n\n<li>uni software plus GmbH<\/li>\n\n\n\n<li>Synthesa GmbH<\/li>\n\n\n\n<li>ENGEL Austria GmbH<\/li>\n<\/ol>\n\n\n\n<p><\/p>\n\n\n\n<h2 class=\"wp-block-heading\">Ergebnis 2024<\/h2>\n\n\n\n<ol class=\"wp-block-list\">\n<li>uni software plus GmbH<\/li>\n\n\n\n<li>Raiffeisen Perg<\/li>\n\n\n\n<li>Engel Austria<\/li>\n\n\n\n<li>Synthesa<\/li>\n\n\n\n<li>RISC Software GmbH<\/li>\n\n\n\n<li>Praher Group 1<\/li>\n\n\n\n<li>Pfeiffer Hiebl GmbH<\/li>\n\n\n\n<li>HABAU Group 1<\/li>\n\n\n\n<li>Praher Group 2<\/li>\n\n\n\n<li>COUNT IT TAX 1<\/li>\n\n\n\n<li>HABAU Group 2<\/li>\n\n\n\n<li>H\u00f6dlmayr International AG<\/li>\n\n\n\n<li>COUNT IT TAX 2<\/li>\n<\/ol>\n\n\n\n<p><a href=\"https:\/\/photos.google.com\/share\/AF1QipMnI75Goy55qZQRyg8N8LwhIQjiYJcGtLGMsL9_9GWJsD1sYncCKy3C4YJGaA95bQ?key=VXUxcC1rTGxTbFB0d1BOMGZ1Y2NRY3NLMmYyYlFR\" data-type=\"link\" data-id=\"https:\/\/photos.google.com\/share\/AF1QipMnI75Goy55qZQRyg8N8LwhIQjiYJcGtLGMsL9_9GWJsD1sYncCKy3C4YJGaA95bQ?key=VXUxcC1rTGxTbFB0d1BOMGZ1Y2NRY3NLMmYyYlFR\" target=\"_blank\" rel=\"noreferrer noopener nofollow\">Fotos von 2024<\/a><\/p>\n\n\n\n<h2 class=\"wp-block-heading\">Ergebnis 2023<\/h2>\n\n\n\n<ol class=\"wp-block-list\">\n<li>Dynatrace<\/li>\n\n\n\n<li>Netcetera GmbH<\/li>\n\n\n\n<li>ENGEL Austria GmbH 2<\/li>\n\n\n\n<li>LogTiCon GmbH<\/li>\n\n\n\n<li>GASOKOL<\/li>\n\n\n\n<li>Raiffeisen Perg 2<\/li>\n\n\n\n<li>uni software plus GmbH<\/li>\n\n\n\n<li>H\u00f6dlmayr International<\/li>\n\n\n\n<li>RISC Software GmbH<\/li>\n\n\n\n<li>Praher Group<\/li>\n\n\n\n<li>HABAU Hoch- und Tiefbau GmbH<\/li>\n\n\n\n<li>Raiffeisen Perg 1<\/li>\n\n\n\n<li>ENGEL Austria GmbH 1<\/li>\n\n\n\n<li>COUNT IT TAX<\/li>\n<\/ol>\n\n\n\n<p><a href=\"https:\/\/photos.google.com\/share\/AF1QipNr1adAMBTNrrpHDIAKYu5UWjIATKbS-g-SbH68Akn3wKLDtc9uoEBike3tYCU8gA\" target=\"_blank\" rel=\"noreferrer noopener nofollow\">Fotos 2023<\/a><\/p>\n\n\n\n<h1 class=\"wp-block-heading has-medium-font-size\">Ergebnis 2022<\/h1>\n\n\n\n<ol class=\"wp-block-list\">\n<li>Netcetera GmbH<\/li>\n\n\n\n<li>Raiffeisen Perg 1<\/li>\n\n\n\n<li>Engel Austria GmbH 2<\/li>\n\n\n\n<li>Raiffeisen Perg 2<\/li>\n\n\n\n<li>uni software plus GmbH<\/li>\n\n\n\n<li>Engel Austria GmbH 1<\/li>\n\n\n\n<li>H\u00f6dlmayr International<\/li>\n\n\n\n<li>Praher Group<\/li>\n\n\n\n<li>RISC Software GmbH<\/li>\n\n\n\n<li>Engel DI-ler<\/li>\n\n\n\n<li>COUNT IT TAX 1<\/li>\n\n\n\n<li>COUNT IT TAX 2<\/li>\n\n\n\n<li>VORA Group<\/li>\n<\/ol>\n\n\n\n<p class=\"has-medium-font-size\">Platzierungen der Teams 2021<\/p>\n\n\n\n<ol class=\"wp-block-list\">\n<li>RISC Software GmbH<\/li>\n\n\n\n<li>Raiffeisen Perg 1<\/li>\n\n\n\n<li>uni software plus GmbH<\/li>\n\n\n\n<li>ENGEL Austria GmbH &#8211; &#8222;DI(e) ENGEL&#8220;<\/li>\n\n\n\n<li><span style=\"font-size: 1rem;\">H\u00f6dlmayr International AG<\/span><\/li>\n\n\n\n<li><span style=\"font-size: 1rem;\">PRAHER Group<\/span><\/li>\n\n\n\n<li>COUNT IT TAX GmbH<\/li>\n\n\n\n<li>Raffeisen Perg 2<\/li>\n<\/ol>\n\n\n<h2>Platzierungen der Teams 2019<\/h2>\n<ol>\n<li>Raiffeisenbanken Perg<\/li>\n<li>Sparkasse Perg<\/li>\n<li>ENGEL Austria GmbH 2<\/li>\n<li>Dynatrace<\/li>\n<li>Netcetera GmbH<\/li>\n<li>H\u00f6dlmayr International AG<\/li>\n<li>Eisenbeiss GmbH 2<\/li>\n<li>RISC Software GmbH 2<\/li>\n<li>Musik Perg powered by Handlos GmbH<\/li>\n<li>Eisenbeiss GmbH 1<\/li>\n<li>RISC Software GmbH 1<\/li>\n<li>Ontime Logistics GmbH<\/li>\n<li>Praher Beteiligungs GmbH<\/li>\n<li>COUNT IT TAX GmbH<\/li>\n<li>ENGEL Austria GmbH 1<\/li>\n<li>Hueck Folien<\/li>\n<\/ol>\n<h2>Platzierungen der Teams 2018<\/h2>\n<ol>\n<li>Eisenbeiss GmbH 1<\/li>\n<li>uni software plus GmbH<\/li>\n<li>Sparkasse Perg<\/li>\n<li>Engel Austria GmbH<\/li>\n<li>Raiffeisenbanken Perg<\/li>\n<li>HUECK Folien GmbH<\/li>\n<li>RISC Software GmbH 1<\/li>\n<li>epunkt &#8211; Wir sind Recruiting<\/li>\n<li>Eisenbeiss GmbH 2<\/li>\n<li>H\u00f6dlmayr International AG<\/li>\n<li>Dynatrace Austria GmbH<\/li>\n<li>RISC Software GmbH 2<\/li>\n<\/ol>\n<h2>Platzierungen der Teams 2017<\/h2>\n<ol>\n<li>Ontime Logistics<\/li>\n<li>Eisenbeiss GmbH 2<\/li>\n<li>uni software plus GmbH<\/li>\n<li>Energie AG<\/li>\n<li>RISC Software GmbH<\/li>\n<li>Sparkasse Perg<\/li>\n<li>Praher Plastics Austria GmbH 1<\/li>\n<li>ENGEL AUSTRIA GmbH<\/li>\n<li>Eisenbeiss GmbH 1<\/li>\n<li>Praher Plastics Austria GmbH 2<\/li>\n<li>Raiffeisenbanken Perg<\/li>\n<\/ol>\n<p><a href=\"https:\/\/www.flickr.com\/photos\/125753748@N07\/sets\/72157684052642383\/\" target=\"_blank\" rel=\"noopener noreferrer\">Fotos von 2017<\/a><\/p>\n<h2>Platzierungen der Teams\u00a02016<\/h2>\n<ol>\n<li><strong>Energie AG<\/strong><\/li>\n<li><strong>uni software plus &#8211; Unrisk<\/strong><\/li>\n<li><strong>RISC Software GmbH<\/strong><\/li>\n<li><strong>Raiffeisenbanken Perg<\/strong><\/li>\n<li><strong>Eisenbeiss GmbH<\/strong><\/li>\n<li><strong>Praher Plastics GmbH<\/strong><\/li>\n<li><strong>Sparkasse Perg<\/strong><\/li>\n<li><strong>Schmachtl GmbH<\/strong><\/li>\n<\/ol>\n<p><a href=\"https:\/\/www.flickr.com\/photos\/125753748@N07\/albums\/72157671303327440\">Fotos von 2016<\/a><\/p>\n<h2>Platzierungen der Teams\u00a02015<\/h2>\n<ol>\n<li><strong>Polizei Perg powered by HABAU<\/strong><\/li>\n<li><strong>Eisenbeiss GmbH<\/strong><\/li>\n<li><strong>Uni Software Plus &#8211; Unrisk<\/strong><\/li>\n<li><strong>RISC Software GmbH<\/strong><\/li>\n<li><strong>Allianz Wimmer-Dirnberger GmbH<\/strong><\/li>\n<li><strong>Raiffeisenbanken Perg<\/strong><\/li>\n<li><strong>S&amp;T AG<\/strong><\/li>\n<\/ol>\n<p><a href=\"https:\/\/www.flickr.com\/photos\/125753748@N07\/sets\/72157656108656119\/\">Fotos von 2015<\/a><\/p>","protected":false},"excerpt":{"rendered":"<p>Im Rahmen des O\u00d6 BEACH FINALS der Allgemeinen Klasse Damen und Herren veranstalten wir 2025 am Tag vor dem Hauptbewerb seit einigen Jahren bereits immer den Business Cup. Dabei treten bis zu 16 Firmenteams im sportlichen Wettkampf auf den Beachcourts gegeneinander an. Der Veranstalter sorgt f\u00fcr beste Stimmung, Schiedsrichter, Turniereinteilung und nat\u00fcrlich auch f\u00fcr das &hellip; <\/p>\n<p class=\"link-more\"><a href=\"https:\/\/www.beach.perg.at\/content\/business-cup\/\" class=\"more-link\"><span class=\"screen-reader-text\">\u201eBusiness Cup\u201c <\/span>weiterlesen<\/a><\/p>\n","protected":false},"author":1,"featured_media":0,"parent":0,"menu_order":0,"comment_status":"open","ping_status":"open","template":"","meta":{"footnotes":""},"class_list":["post-315","page","type-page","status-publish","hentry"],"_links":{"self":[{"href":"https:\/\/www.beach.perg.at\/content\/wp-json\/wp\/v2\/pages\/315","targetHints":{"allow":["GET"]}}],"collection":[{"href":"https:\/\/www.beach.perg.at\/content\/wp-json\/wp\/v2\/pages"}],"about":[{"href":"https:\/\/www.beach.perg.at\/content\/wp-json\/wp\/v2\/types\/page"}],"author":[{"embeddable":true,"href":"https:\/\/www.beach.perg.at\/content\/wp-json\/wp\/v2\/users\/1"}],"replies":[{"embeddable":true,"href":"https:\/\/www.beach.perg.at\/content\/wp-json\/wp\/v2\/comments?post=315"}],"version-history":[{"count":122,"href":"https:\/\/www.beach.perg.at\/content\/wp-json\/wp\/v2\/pages\/315\/revisions"}],"predecessor-version":[{"id":2093,"href":"https:\/\/www.beach.perg.at\/content\/wp-json\/wp\/v2\/pages\/315\/revisions\/2093"}],"wp:attachment":[{"href":"https:\/\/www.beach.perg.at\/content\/wp-json\/wp\/v2\/media?parent=315"}],"curies":[{"name":"wp","href":"https:\/\/api.w.org\/{rel}","templated":true}]}}